63439 and 4545972?
1923
What is the greatest common divisor of 31369 and 24149177?
1651
Calculate the greatest common divisor of 22475 and 452110.
145
What is the greatest common divisor of 2722272 and 75712?
224
What is the highest common divisor of 114555351 and 38?
19
Calculate the greatest common divisor of 266 and 2029454182.
266
Calculate the greatest common divisor of 94587 and 129961.
769
What is the greatest common divisor of 2308956 and 11808?
492
Calculate the greatest common factor of 454 and 27217754.
454
Calculate the highest common factor of 17824705 and 551.
29
Calculate the greatest common factor of 261867 and 6584997.
6387
What is the greatest common divisor of 266109 and 7811?
107
Calculate the highest common factor of 307533873 and 71.
71
Calculate the highest common divisor of 4111032 and 408.
24
What is the greatest common divisor of 5446749 and 13923?
357
Calculate the highest common divisor of 7285 and 13877455.
235
Calculate the greatest common divisor of 239 and 58185267.
239
Calculate the greatest common divisor of 131192 and 12420.
92
What is the highest common factor of 1258293 and 885?
177
Calculate the highest common divisor of 781155 and 33.
3
Calculate the greatest common divisor of 570 and 623143.
19
Calculate the highest common divisor of 1182689172 and 36.
36
Calculate the highest common divisor of 1993488 and 2465.
17
What is the greatest common factor of 153 and 10225398?
51
What is the highest common divisor of 23465 and 7142746?
4693
What is the highest common factor of 471655261 and 46915?
9383
What is the greatest common divisor of 3589 and 7992121?
97
Calculate the greatest common factor of 77040 and 1470.
30
What is the highest common divisor of 11216 and 1751040?
16
What is the highest common divisor of 1280 and 3446260?
20
What is the highest common divisor of 400764 and 14742?
546
Calculate the greatest common divisor of 35 and 5401065.
5
What is the greatest common factor of 693 and 4200693?
21
What is the greatest common divisor of 15822016 and 5824?
448
What is the greatest common factor of 36 and 9222519?
3
What is the highest common divisor of 4499758 and 36264?
3022
What is the greatest common factor of 103828 and 10623988?
404
Calculate the highest common divisor of 2924 and 154595836.
172
What is the greatest common divisor of 1209 and 6326697?
1209
Calculate the greatest common divisor of 828 and 68436.
36
What is the greatest common factor of 25101 and 981?
9
Calculate the highest common divisor of 5047 and 162449231.
721
What is the greatest common divisor of 373504 and 35072?
256
What is the highest common divisor of 84401815 and 3935?
3935
Calculate the highest common factor of 908294 and 4520.
226
What is the greatest common divisor of 10684149 and 2091?
123
Calculate the highest common divisor of 119 and 199103303.
119
What is the greatest common factor of 2834 and 469004?
2
Calculate the highest common divisor of 474018 and 214777.
397
What is the highest common divisor of 1275105 and 6435?
195
What is the highest common divisor of 115 and 2924720?
5
What is the highest common factor of 64317637 and 46?
23
What is the greatest common factor of 363117420 and 108?
36
What is the greatest common factor of 1642298 and 350?
14
What is the highest common divisor of 4161 and 862163?
19
Calculate the highest common divisor of 24 and 118198308.
12
What is the highest common factor of 747024 and 243083?
79
What is the greatest common factor of 4829 and 140829883?
439
Calculate the greatest common factor of 576476 and 24056.
124
Calculate the greatest common divisor of 779 and 222850867.
779
What is the greatest common factor of 332885 and 4053?
7
What is the greatest common factor of 24 and 4589418?
6
Calculate the highest common divisor of 1157 and 1638312.
1157
What is the highest common divisor of 15451368 and 1598?
34
Calculate the greatest common divisor of 126900 and 59100.
300
What is the greatest common divisor of 18681 and 7051359?
1437
Calculate the highest common divisor of 861 and 63070464.
123
Calculate the highest common divisor of 1533807 and 1947.
33
Calculate the greatest common factor of 7827352 and 1440.
8
Calculate the highest common divisor of 43128 and 103968.
72
What is the highest common factor of 951632 and 1789717?
5407
Calculate the highest common factor of 110 and 569583190.
110
Calculate the highest common divisor of 1776 and 6584779.
37
What is the highest common divisor of 540591 and 1362671?
367
Calculate the highest common factor of 4717108 and 319.
11
What is the greatest common factor of 748410 and 34770?
570
Calculate the highest common divisor of 2360470 and 518.
14
Calculate the highest common factor of 689505 and 688.
43
What is the greatest common factor of 2026880 and 2968?
8
Calculate the highest common divisor of 54223421 and 119.
119
Calculate the greatest common factor of 6119 and 1079525.
29
What is the highest common factor of 1443 and 377844?
111
What is the highest common divisor of 39744 and 6120852?
276
What is the greatest common divisor of 1038005 and 3445?
265
Calculate the greatest common divisor of 48820 and 180460.
20
What is the highest common divisor of 14114170 and 805?
35
Calculate the highest common divisor of 2134 and 631276.
194
Calculate the greatest common factor of 616825 and 16925.
25
Calculate the highest common factor of 31057089 and 21.
21
What is the highest common factor of 633 and 3318608?
211
What is the greatest common factor of 6475826 and 7138?
166
What is the highest common factor of 2513054 and 133?
19
Calculate the greatest common divisor of 547100 and 10.
10
What is the highest common divisor of 1503 and 501167?
167
What is the highest common divisor of 47 and 256684484?
47
Calculate the highest common divisor of 328567 and 2527.
19
What is the greatest common divisor of 576 and 58227003?
9
What is the greatest common divisor of 98514163 and 473?
11
Calculate the highest common factor of 52 and 11909417.
13
What is the highest common divisor of 2779973 and 466669?
2863
What is the greatest common factor of 165034 and 366529?
1919
Calculate the highest common factor of 34345 and 8585.
5
Calculate the highest common factor of 377 and 53376646.
29
Calculate the highest common divisor of 10309 and 444263.
61
Calculate the highest common factor of 832067 and 456.
19
Calculate the greatest common factor of 955026 and 994806.
306
What is the greatest common factor of 7985439 and 66?
33
Calculate the greatest common divisor of 51047938 and 296.
74
Calculate the greatest common divisor of 483 and 690291.
21
What is the highest common divisor of 125 and 3553150?
25
Calculate the greatest common factor of 5205785 and 2795.
65
Calculate the highest common factor of 20190137 and 11.
11
Calculate the greatest common factor of 32 and 12642992.
16
Calculate the greatest common factor of 400035064 and 4.
4
Calculate the greatest common divisor of 325 and 5599900.
25
What is the greatest common factor of 5199285 and 95823?
3549
Calculate the greatest common divisor of 261 and 108200769.
87
What is the highest common factor of 209 and 1539901?
11
Calculate the highest common factor of 54834 and 9766.
38
Calculate the greatest common factor of 2313 and 1719468.
9
What is the highest common divisor of 43904124 and 128502?
2178
What is the greatest common factor of 200 and 7672825?
25
Calculate the greatest common factor of 145979955 and 1970.
985
What is the greatest common factor of 10876 and 947356699?
2719
What is the greatest common factor of 16406082 and 1591854?
5874
What is the highest common factor of 9576 and 205864316?
532
What is the highest common factor of 25760 and 8498?
14
What is the highest common divisor of 52065 and 319995?
585
What is the greatest common factor of 29303690 and 455?
65
Calculate the highest common factor of 32 and 1155690.
2
Calculate the highest common factor of 6441 and 3312783.
57
What is the greatest common divisor of 16591740 and 190?
10
What is the greatest common divisor of 10 and 4888930?
10
Calculate the highest common factor of 13208 and 7067931.
1651
What is the highest common factor of 3605 and 1323?
7
Calculate the greatest common factor of 42840 and 41395.
85
Calculate the grea